{"id":557,"date":"2022-07-17T18:59:41","date_gmt":"2022-07-17T18:59:41","guid":{"rendered":"https:\/\/www.contexpraha.cz\/?page_id=557"},"modified":"2024-02-02T16:59:21","modified_gmt":"2024-02-02T15:59:21","slug":"werner-hahm","status":"publish","type":"page","link":"https:\/\/www.contexpraha.cz\/?page_id=557","title":{"rendered":"WernerHahm"},"content":{"rendered":"\t\t<div data-elementor-type=\"wp-page\" data-elementor-id=\"557\" class=\"elementor elementor-557\">\n\t\t\t\t\t\t<section class=\"elementor-section elementor-top-section elementor-element elementor-element-413db90 elementor-section-boxed elementor-section-height-default elementor-section-height-default\" data-id=\"413db90\" data-element_type=\"section\">\n\t\t\t\t\t\t<div class=\"elementor-container elementor-column-gap-default\">\n\t\t\t\t\t<div class=\"elementor-column elementor-col-100 elementor-top-column elementor-element elementor-element-72d7e00\" data-id=\"72d7e00\" data-element_type=\"column\">\n\t\t\t<div class=\"elementor-widget-wrap elementor-element-populated\">\n\t\t\t\t\t\t<div class=\"elementor-element elementor-element-82b7093 elementor-widget elementor-widget-image\" data-id=\"82b7093\" data-element_type=\"widget\" data-widget_type=\"image.default\">\n\t\t\t\t<div class=\"elementor-widget-container\">\n\t\t\t\t\t\t\t\t\t\t\t\t\t\t\t<img fetchpriority=\"high\" decoding=\"async\" width=\"300\" height=\"164\" src=\"https:\/\/mlm1npjzorcm.i.optimole.com\/w:300\/h:164\/q:mauto\/f:best\/https:\/\/www.contexpraha.cz\/wp-content\/uploads\/2022\/05\/Logoneumitrahmen.jpg\" class=\"attachment-medium size-medium wp-image-250\" alt=\"\" srcset=\"https:\/\/mlm1npjzorcm.i.optimole.com\/w:300\/h:164\/q:mauto\/f:best\/https:\/\/www.contexpraha.cz\/wp-content\/uploads\/2022\/05\/Logoneumitrahmen.jpg 300w, https:\/\/mlm1npjzorcm.i.optimole.com\/w:768\/h:419\/q:mauto\/f:best\/https:\/\/www.contexpraha.cz\/wp-content\/uploads\/2022\/05\/Logoneumitrahmen.jpg 768w, https:\/\/mlm1npjzorcm.i.optimole.com\/w:auto\/h:auto\/q:mauto\/f:best\/https:\/\/www.contexpraha.cz\/wp-content\/uploads\/2022\/05\/Logoneumitrahmen.jpg 963w\" sizes=\"(max-width: 300px) 100vw, 300px\" \/>\t\t\t\t\t\t\t\t\t\t\t\t\t\t\t<\/div>\n\t\t\t\t<\/div>\n\t\t\t\t\t<\/div>\n\t\t<\/div>\n\t\t\t\t\t<\/div>\n\t\t<\/section>\n\t\t\t\t<section class=\"elementor-section elementor-top-section elementor-element elementor-element-2697d9f elementor-section-boxed elementor-section-height-default elementor-section-height-default\" data-id=\"2697d9f\" data-element_type=\"section\">\n\t\t\t\t\t\t<div class=\"elementor-container elementor-column-gap-default\">\n\t\t\t\t\t<div class=\"elementor-column elementor-col-100 elementor-top-column elementor-element elementor-element-e397a75\" data-id=\"e397a75\" data-element_type=\"column\">\n\t\t\t<div class=\"elementor-widget-wrap elementor-element-populated\">\n\t\t\t\t\t\t<div class=\"elementor-element elementor-element-c828926 elementor-widget elementor-widget-text-editor\" data-id=\"c828926\" data-element_type=\"widget\" data-widget_type=\"text-editor.default\">\n\t\t\t\t<div class=\"elementor-widget-container\">\n\t\t\t\t\t\t\t\t\t<h2 style=\"text-align: center;\">Werner Hahm GmbH &amp; CO. KG<\/h2>\t\t\t\t\t\t\t\t<\/div>\n\t\t\t\t<\/div>\n\t\t\t\t\t<\/div>\n\t\t<\/div>\n\t\t\t\t\t<\/div>\n\t\t<\/section>\n\t\t\t\t<section class=\"elementor-section elementor-top-section elementor-element elementor-element-a8aad86 elementor-section-boxed elementor-section-height-default elementor-section-height-default\" data-id=\"a8aad86\" data-element_type=\"section\">\n\t\t\t\t\t\t<div class=\"elementor-container elementor-column-gap-default\">\n\t\t\t\t\t<div class=\"elementor-column elementor-col-100 elementor-top-column elementor-element elementor-element-27797d1\" data-id=\"27797d1\" data-element_type=\"column\">\n\t\t\t<div class=\"elementor-widget-wrap elementor-element-populated\">\n\t\t\t\t\t\t<div class=\"elementor-element elementor-element-119772c elementor-widget elementor-widget-text-editor\" data-id=\"119772c\" data-element_type=\"widget\" data-widget_type=\"text-editor.default\">\n\t\t\t\t<div class=\"elementor-widget-container\">\n\t\t\t\t\t\t\t\t\t<p style=\"text-align: center;\">V\u00fdrobce ochrann\u00fdch oplet\u016f pro kabely nebo kabelov\u00e9 svazky s vlastnostmi mechanick\u00e9 \u010di tepeln\u00e9 ochrany a radiofrekven\u010dn\u00edho st\u00edn\u011bn\u00ed.<\/p>\t\t\t\t\t\t\t\t<\/div>\n\t\t\t\t<\/div>\n\t\t\t\t\t<\/div>\n\t\t<\/div>\n\t\t\t\t\t<\/div>\n\t\t<\/section>\n\t\t\t\t<section class=\"elementor-section elementor-top-section elementor-element elementor-element-462a122 elementor-section-boxed elementor-section-height-default elementor-section-height-default\" data-id=\"462a122\" data-element_type=\"section\">\n\t\t\t\t\t\t<div class=\"elementor-container elementor-column-gap-default\">\n\t\t\t\t\t<div class=\"elementor-column elementor-col-100 elementor-top-column elementor-element elementor-element-3a987b9\" data-id=\"3a987b9\" data-element_type=\"column\">\n\t\t\t<div class=\"elementor-widget-wrap elementor-element-populated\">\n\t\t\t\t\t\t<div class=\"elementor-element elementor-element-6e8b338 elementor-widget-divider--view-line elementor-widget elementor-widget-divider\" data-id=\"6e8b338\" data-element_type=\"widget\" data-widget_type=\"divider.default\">\n\t\t\t\t<div class=\"elementor-widget-container\">\n\t\t\t\t\t\t\t<div class=\"elementor-divider\">\n\t\t\t<span class=\"elementor-divider-separator\">\n\t\t\t\t\t\t<\/span>\n\t\t<\/div>\n\t\t\t\t\t\t<\/div>\n\t\t\t\t<\/div>\n\t\t\t\t\t<\/div>\n\t\t<\/div>\n\t\t\t\t\t<\/div>\n\t\t<\/section>\n\t\t\t\t<section class=\"elementor-section elementor-top-section elementor-element elementor-element-a8ae1f0 elementor-section-boxed elementor-section-height-default elementor-section-height-default\" data-id=\"a8ae1f0\" data-element_type=\"section\">\n\t\t\t\t\t\t<div class=\"elementor-container elementor-column-gap-default\">\n\t\t\t\t\t<div class=\"elementor-column elementor-col-25 elementor-top-column elementor-element elementor-element-38ca817\" data-id=\"38ca817\" data-element_type=\"column\">\n\t\t\t<div class=\"elementor-widget-wrap elementor-element-populated\">\n\t\t\t\t\t\t<div class=\"elementor-element elementor-element-20c5ca7 elementor-widget elementor-widget-image\" data-id=\"20c5ca7\" data-element_type=\"widget\" data-widget_type=\"image.default\">\n\t\t\t\t<div class=\"elementor-widget-container\">\n\t\t\t\t\t\t\t\t\t\t\t\t\t\t\t<img fetchpriority=\"high\" decoding=\"async\" width=\"330\" height=\"440\" src=\"https:\/\/mlm1npjzorcm.i.optimole.com\/w:auto\/h:auto\/q:mauto\/f:best\/https:\/\/www.contexpraha.cz\/wp-content\/uploads\/2022\/07\/Geflechtschlauch_Muster.jpg\" class=\"attachment-large size-large wp-image-585\" alt=\"\" srcset=\"https:\/\/mlm1npjzorcm.i.optimole.com\/w:auto\/h:auto\/q:mauto\/f:best\/https:\/\/www.contexpraha.cz\/wp-content\/uploads\/2022\/07\/Geflechtschlauch_Muster.jpg 330w, https:\/\/mlm1npjzorcm.i.optimole.com\/w:225\/h:300\/q:mauto\/f:best\/https:\/\/www.contexpraha.cz\/wp-content\/uploads\/2022\/07\/Geflechtschlauch_Muster.jpg 225w\" sizes=\"(max-width: 330px) 100vw, 330px\" \/>\t\t\t\t\t\t\t\t\t\t\t\t\t\t\t<\/div>\n\t\t\t\t<\/div>\n\t\t\t\t\t<\/div>\n\t\t<\/div>\n\t\t\t\t<div class=\"elementor-column elementor-col-25 elementor-top-column elementor-element elementor-element-38816d9\" data-id=\"38816d9\" data-element_type=\"column\">\n\t\t\t<div class=\"elementor-widget-wrap elementor-element-populated\">\n\t\t\t\t\t\t<div class=\"elementor-element elementor-element-528e927 elementor-widget elementor-widget-image\" data-id=\"528e927\" data-element_type=\"widget\" data-widget_type=\"image.default\">\n\t\t\t\t<div class=\"elementor-widget-container\">\n\t\t\t\t\t\t\t\t\t\t\t\t\t\t\t<img fetchpriority=\"high\" decoding=\"async\" width=\"398\" height=\"473\" src=\"https:\/\/mlm1npjzorcm.i.optimole.com\/w:auto\/h:auto\/q:mauto\/f:best\/https:\/\/www.contexpraha.cz\/wp-content\/uploads\/2022\/07\/Geflechtschlauch.jpg\" class=\"attachment-large size-large wp-image-586\" alt=\"\" srcset=\"https:\/\/mlm1npjzorcm.i.optimole.com\/w:auto\/h:auto\/q:mauto\/f:best\/https:\/\/www.contexpraha.cz\/wp-content\/uploads\/2022\/07\/Geflechtschlauch.jpg 398w, https:\/\/mlm1npjzorcm.i.optimole.com\/w:252\/h:300\/q:mauto\/f:best\/https:\/\/www.contexpraha.cz\/wp-content\/uploads\/2022\/07\/Geflechtschlauch.jpg 252w\" sizes=\"(max-width: 398px) 100vw, 398px\" \/>\t\t\t\t\t\t\t\t\t\t\t\t\t\t\t<\/div>\n\t\t\t\t<\/div>\n\t\t\t\t\t<\/div>\n\t\t<\/div>\n\t\t\t\t<div class=\"elementor-column elementor-col-25 elementor-top-column elementor-element elementor-element-714ed07\" data-id=\"714ed07\" data-element_type=\"column\">\n\t\t\t<div class=\"elementor-widget-wrap elementor-element-populated\">\n\t\t\t\t\t\t<div class=\"elementor-element elementor-element-8fff3c9 elementor-widget elementor-widget-image\" data-id=\"8fff3c9\" data-element_type=\"widget\" data-widget_type=\"image.default\">\n\t\t\t\t<div class=\"elementor-widget-container\">\n\t\t\t\t\t\t\t\t\t\t\t\t\t\t\t<img data-opt-src=\"https:\/\/mlm1npjzorcm.i.optimole.com\/w:auto\/h:auto\/q:mauto\/f:best\/https:\/\/www.contexpraha.cz\/wp-content\/uploads\/2022\/07\/Monofilgeflechtschlauch_HMS_AG_Beispiel_1.jpg\"  loading=\"lazy\" decoding=\"async\" width=\"752\" height=\"573\" src=\"https:\/\/mlm1npjzorcm.i.optimole.com\/w:auto\/h:auto\/q:eco\/f:best\/https:\/\/www.contexpraha.cz\/wp-content\/uploads\/2022\/07\/Monofilgeflechtschlauch_HMS_AG_Beispiel_1.jpg\" class=\"attachment-large size-large wp-image-587\" alt=\"\" old-srcset=\"https:\/\/mlm1npjzorcm.i.optimole.com\/w:auto\/h:auto\/q:mauto\/f:best\/https:\/\/www.contexpraha.cz\/wp-content\/uploads\/2022\/07\/Monofilgeflechtschlauch_HMS_AG_Beispiel_1.jpg 752w, https:\/\/mlm1npjzorcm.i.optimole.com\/w:300\/h:229\/q:mauto\/f:best\/https:\/\/www.contexpraha.cz\/wp-content\/uploads\/2022\/07\/Monofilgeflechtschlauch_HMS_AG_Beispiel_1.jpg 300w\" \/>\t\t\t\t\t\t\t\t\t\t\t\t\t\t\t<\/div>\n\t\t\t\t<\/div>\n\t\t\t\t\t<\/div>\n\t\t<\/div>\n\t\t\t\t<div class=\"elementor-column elementor-col-25 elementor-top-column elementor-element elementor-element-da1744c\" data-id=\"da1744c\" data-element_type=\"column\">\n\t\t\t<div class=\"elementor-widget-wrap elementor-element-populated\">\n\t\t\t\t\t\t<div class=\"elementor-element elementor-element-f444871 elementor-widget elementor-widget-image\" data-id=\"f444871\" data-element_type=\"widget\" data-widget_type=\"image.default\">\n\t\t\t\t<div class=\"elementor-widget-container\">\n\t\t\t\t\t\t\t\t\t\t\t\t\t\t\t<img data-opt-src=\"https:\/\/mlm1npjzorcm.i.optimole.com\/w:auto\/h:auto\/q:mauto\/f:best\/https:\/\/www.contexpraha.cz\/wp-content\/uploads\/2022\/07\/unnamed.jpg\"  loading=\"lazy\" decoding=\"async\" width=\"415\" height=\"512\" src=\"https:\/\/mlm1npjzorcm.i.optimole.com\/w:auto\/h:auto\/q:eco\/f:best\/https:\/\/www.contexpraha.cz\/wp-content\/uploads\/2022\/07\/unnamed.jpg\" class=\"attachment-large size-large wp-image-588\" alt=\"\" old-srcset=\"https:\/\/mlm1npjzorcm.i.optimole.com\/w:auto\/h:auto\/q:mauto\/f:best\/https:\/\/www.contexpraha.cz\/wp-content\/uploads\/2022\/07\/unnamed.jpg 415w, https:\/\/mlm1npjzorcm.i.optimole.com\/w:243\/h:300\/q:mauto\/f:best\/https:\/\/www.contexpraha.cz\/wp-content\/uploads\/2022\/07\/unnamed.jpg 243w\" \/>\t\t\t\t\t\t\t\t\t\t\t\t\t\t\t<\/div>\n\t\t\t\t<\/div>\n\t\t\t\t\t<\/div>\n\t\t<\/div>\n\t\t\t\t\t<\/div>\n\t\t<\/section>\n\t\t\t\t<section class=\"elementor-section elementor-top-section elementor-element elementor-element-1cb4452 elementor-section-boxed elementor-section-height-default elementor-section-height-default\" data-id=\"1cb4452\" data-element_type=\"section\">\n\t\t\t\t\t\t<div class=\"elementor-container elementor-column-gap-default\">\n\t\t\t\t\t<div class=\"elementor-column elementor-col-100 elementor-top-column elementor-element elementor-element-ebe0334\" data-id=\"ebe0334\" data-element_type=\"column\">\n\t\t\t<div class=\"elementor-widget-wrap elementor-element-populated\">\n\t\t\t\t\t\t<div class=\"elementor-element elementor-element-07519bc elementor-widget-divider--view-line elementor-widget elementor-widget-divider\" data-id=\"07519bc\" data-element_type=\"widget\" data-widget_type=\"divider.default\">\n\t\t\t\t<div class=\"elementor-widget-container\">\n\t\t\t\t\t\t\t<div class=\"elementor-divider\">\n\t\t\t<span class=\"elementor-divider-separator\">\n\t\t\t\t\t\t<\/span>\n\t\t<\/div>\n\t\t\t\t\t\t<\/div>\n\t\t\t\t<\/div>\n\t\t\t\t\t<\/div>\n\t\t<\/div>\n\t\t\t\t\t<\/div>\n\t\t<\/section>\n\t\t\t\t<section class=\"elementor-section elementor-top-section elementor-element elementor-element-cacd138 elementor-section-boxed elementor-section-height-default elementor-section-height-default\" data-id=\"cacd138\" data-element_type=\"section\">\n\t\t\t\t\t\t<div class=\"elementor-container elementor-column-gap-default\">\n\t\t\t\t\t<div class=\"elementor-column elementor-col-100 elementor-top-column elementor-element elementor-element-7793c8d\" data-id=\"7793c8d\" data-element_type=\"column\">\n\t\t\t<div class=\"elementor-widget-wrap elementor-element-populated\">\n\t\t\t\t\t\t<div class=\"elementor-element elementor-element-289390e elementor-align-center elementor-widget elementor-widget-button\" data-id=\"289390e\" data-element_type=\"widget\" data-widget_type=\"button.default\">\n\t\t\t\t<div class=\"elementor-widget-container\">\n\t\t\t\t\t\t\t\t\t<div class=\"elementor-button-wrapper\">\n\t\t\t\t\t<a class=\"elementor-button elementor-button-link elementor-size-xl\" href=\"mailto:%20obchod@contexpraha.cz\" target=\"_blank\">\n\t\t\t\t\t\t<span class=\"elementor-button-content-wrapper\">\n\t\t\t\t\t\t<span class=\"elementor-button-icon\">\n\t\t\t\t<i aria-hidden=\"true\" class=\"far fa-envelope\"><\/i>\t\t\t<\/span>\n\t\t\t\t\t\t\t\t\t<span class=\"elementor-button-text\">Kontaktujte n\u00e1s<\/span>\n\t\t\t\t\t<\/span>\n\t\t\t\t\t<\/a>\n\t\t\t\t<\/div>\n\t\t\t\t\t\t\t\t<\/div>\n\t\t\t\t<\/div>\n\t\t\t\t\t<\/div>\n\t\t<\/div>\n\t\t\t\t\t<\/div>\n\t\t<\/section>\n\t\t\t\t<section class=\"elementor-section elementor-top-section elementor-element elementor-element-ebbff1e elementor-section-boxed elementor-section-height-default elementor-section-height-default\" data-id=\"ebbff1e\" data-element_type=\"section\">\n\t\t\t\t\t\t<div class=\"elementor-container elementor-column-gap-default\">\n\t\t\t\t\t<div class=\"elementor-column elementor-col-100 elementor-top-column elementor-element elementor-element-9c09821\" data-id=\"9c09821\" data-element_type=\"column\">\n\t\t\t<div class=\"elementor-widget-wrap elementor-element-populated\">\n\t\t\t\t\t\t<div class=\"elementor-element elementor-element-3f49fd4 elementor-widget-divider--view-line elementor-widget elementor-widget-divider\" data-id=\"3f49fd4\" data-element_type=\"widget\" data-widget_type=\"divider.default\">\n\t\t\t\t<div class=\"elementor-widget-container\">\n\t\t\t\t\t\t\t<div class=\"elementor-divider\">\n\t\t\t<span class=\"elementor-divider-separator\">\n\t\t\t\t\t\t<\/span>\n\t\t<\/div>\n\t\t\t\t\t\t<\/div>\n\t\t\t\t<\/div>\n\t\t\t\t\t<\/div>\n\t\t<\/div>\n\t\t\t\t\t<\/div>\n\t\t<\/section>\n\t\t\t\t<section class=\"elementor-section elementor-top-section elementor-element elementor-element-3f129b8 elementor-section-boxed elementor-section-height-default elementor-section-height-default\" data-id=\"3f129b8\" data-element_type=\"section\">\n\t\t\t\t\t\t<div class=\"elementor-container elementor-column-gap-default\">\n\t\t\t\t\t<div class=\"elementor-column elementor-col-100 elementor-top-column elementor-element elementor-element-7e7cf6f\" data-id=\"7e7cf6f\" data-element_type=\"column\">\n\t\t\t<div class=\"elementor-widget-wrap elementor-element-populated\">\n\t\t\t\t\t\t<div class=\"elementor-element elementor-element-cbbaa91 elementor-widget elementor-widget-text-editor\" data-id=\"cbbaa91\" data-element_type=\"widget\" data-widget_type=\"text-editor.default\">\n\t\t\t\t<div class=\"elementor-widget-container\">\n\t\t\t\t\t\t\t\t\t<p style=\"text-align: center;\">CONTEX Praha, s.r.o., Ml\u00fdnsk\u00e1 60\/2, Praha 6; I\u010c:27889220; tel: +420 602 181 634 , obchod@contexpraha.cz<\/p>\t\t\t\t\t\t\t\t<\/div>\n\t\t\t\t<\/div>\n\t\t\t\t\t<\/div>\n\t\t<\/div>\n\t\t\t\t\t<\/div>\n\t\t<\/section>\n\t\t\t\t<section class=\"elementor-section elementor-top-section elementor-element elementor-element-5971412 elementor-section-boxed elementor-section-height-default elementor-section-height-default\" data-id=\"5971412\" data-element_type=\"section\">\n\t\t\t\t\t\t<div class=\"elementor-container elementor-column-gap-default\">\n\t\t\t\t\t<div class=\"elementor-column elementor-col-100 elementor-top-column elementor-element elementor-element-516fe2a\" data-id=\"516fe2a\" data-element_type=\"column\">\n\t\t\t<div class=\"elementor-widget-wrap elementor-element-populated\">\n\t\t\t\t\t\t<div class=\"elementor-element elementor-element-e6bd0bb elementor-widget elementor-widget-html\" data-id=\"e6bd0bb\" data-element_type=\"widget\" data-widget_type=\"html.default\">\n\t\t\t\t<div class=\"elementor-widget-container\">\n\t\t\t\t\t<!-- Google tag (gtag.js) -->\n<script async src=\"https:\/\/www.googletagmanager.com\/gtag\/js?id=G-VH1SRFWBYL\"><\/script>\n<script>\n  window.dataLayer = window.dataLayer || [];\n  function gtag(){dataLayer.push(arguments);}\n  gtag('js', new Date());\n\n  gtag('config', 'G-VH1SRFWBYL');\n<\/script>\t\t\t\t<\/div>\n\t\t\t\t<\/div>\n\t\t\t\t\t<\/div>\n\t\t<\/div>\n\t\t\t\t\t<\/div>\n\t\t<\/section>\n\t\t\t\t<\/div>\n\t\t","protected":false},"excerpt":{"rendered":"<p>Werner Hahm GmbH &amp; CO. KG V\u00fdrobce ochrann\u00fdch oplet\u016f pro kabely nebo kabelov\u00e9 svazky s vlastnostmi mechanick\u00e9 \u010di tepeln\u00e9 ochrany a radiofrekven\u010dn\u00edho st\u00edn\u011bn\u00ed. Kontaktujte n\u00e1s CONTEX Praha, s.r.o., Ml\u00fdnsk\u00e1 60\/2, Praha 6; I\u010c:27889220; tel: +420 602 181 634 , obchod@contexpraha.cz<\/p>\n","protected":false},"author":1,"featured_media":0,"parent":0,"menu_order":0,"comment_status":"closed","ping_status":"closed","template":"elementor_header_footer","meta":{"neve_meta_sidebar":"","neve_meta_container":"","neve_meta_enable_content_width":"","neve_meta_content_width":0,"neve_meta_title_alignment":"","neve_meta_author_avatar":"","neve_post_elements_order":"","neve_meta_disable_header":"","neve_meta_disable_footer":"on","neve_meta_disable_title":"","footnotes":""},"_links":{"self":[{"href":"https:\/\/www.contexpraha.cz\/index.php?rest_route=\/wp\/v2\/pages\/557"}],"collection":[{"href":"https:\/\/www.contexpraha.cz\/index.php?rest_route=\/wp\/v2\/pages"}],"about":[{"href":"https:\/\/www.contexpraha.cz\/index.php?rest_route=\/wp\/v2\/types\/page"}],"author":[{"embeddable":true,"href":"https:\/\/www.contexpraha.cz\/index.php?rest_route=\/wp\/v2\/users\/1"}],"replies":[{"embeddable":true,"href":"https:\/\/www.contexpraha.cz\/index.php?rest_route=%2Fwp%2Fv2%2Fcomments&post=557"}],"version-history":[{"count":33,"href":"https:\/\/www.contexpraha.cz\/index.php?rest_route=\/wp\/v2\/pages\/557\/revisions"}],"predecessor-version":[{"id":1673,"href":"https:\/\/www.contexpraha.cz\/index.php?rest_route=\/wp\/v2\/pages\/557\/revisions\/1673"}],"wp:attachment":[{"href":"https:\/\/www.contexpraha.cz\/index.php?rest_route=%2Fwp%2Fv2%2Fmedia&parent=557"}],"curies":[{"name":"wp","href":"https:\/\/api.w.org\/{rel}","templated":true}]}}